{"id":61,"date":"2025-07-11T15:46:25","date_gmt":"2025-07-11T13:46:25","guid":{"rendered":"https:\/\/cklan.fr\/?page_id=61"},"modified":"2026-04-02T13:17:23","modified_gmt":"2026-04-02T11:17:23","slug":"les-avis","status":"publish","type":"page","link":"https:\/\/cklan.fr\/?page_id=61","title":{"rendered":"Les avis"},"content":{"rendered":"\n<div class=\"wp-block-group alignfull is-layout-flow wp-container-core-group-is-layout-f9cb6abc wp-block-group-is-layout-flow\" style=\"margin-top:0;margin-bottom:0\">\n<div class=\"wp-block-columns alignfull is-not-stacked-on-mobile is-layout-flex wp-container-core-columns-is-layout-e154fb6a wp-block-columns-is-layout-flex\" style=\"margin-top:0;margin-bottom:0;padding-top:var(--wp--preset--spacing--40);padding-right:var(--wp--preset--spacing--40);padding-bottom:var(--wp--preset--spacing--80);padding-left:var(--wp--preset--spacing--40)\">\n<div class=\"wp-block-column is-layout-flow wp-block-column-is-layout-flow\" style=\"flex-basis:66.66%\">\n<div class=\"wp-block-group is-vertical is-content-justification-stretch is-layout-flex wp-container-core-group-is-layout-7e003bba wp-block-group-is-layout-flex\">\n<h2 class=\"wp-block-heading has-xx-large-font-size\">\u201cApr\u00e8s le d\u00e9part\u201d<\/h2>\n\n\n\n<p class=\"has-x-large-font-size\">Ce que pensent les voyageurs<\/p>\n<\/div>\n<\/div>\n\n\n\n<div class=\"wp-block-column is-layout-flow wp-block-column-is-layout-flow\" style=\"flex-basis:12vw\"><\/div>\n\n\n\n<div class=\"wp-block-column is-layout-flow wp-block-column-is-layout-flow\"><\/div>\n<\/div>\n\n\n\n<div class=\"wp-block-columns alignfull is-style-section-2 has-base-background-color has-background is-layout-flex wp-container-core-columns-is-layout-d9884270 wp-block-columns-is-layout-flex is-style-section-2--1\" style=\"padding-top:0;padding-bottom:0\">\n<div class=\"wp-block-column is-layout-flow wp-block-column-is-layout-flow\" style=\"flex-basis:50%\">\n<div class=\"wp-block-group is-vertical is-content-justification-stretch is-layout-flex wp-container-core-group-is-layout-098fff0a wp-block-group-is-layout-flex\" style=\"min-height:33vh;padding-top:var(--wp--preset--spacing--50);padding-right:var(--wp--preset--spacing--50);padding-bottom:var(--wp--preset--spacing--50);padding-left:var(--wp--preset--spacing--50)\">\n<blockquote class=\"wp-block-quote is-layout-flow wp-block-quote-is-layout-flow\">\n<p class=\"has-accent-3-color has-text-color has-link-color has-large-font-size wp-elements-a2194afe009371df41eeefb6ca26eaa6\"><strong>Tr\u00e8s bien situ\u00e9, sur la place centrale, logement tr\u00e8s agr\u00e9able<\/strong><\/p>\n\n\n\n<div class=\"wp-block-group is-nowrap is-layout-flex wp-container-core-group-is-layout-6c531013 wp-block-group-is-layout-flex\">\n<p class=\"has-text-align-right has-small-font-size\">Sophie &#8211; Mars 2026<\/p>\n\n\n\n<figure class=\"wp-block-image size-large is-resized\"><img loading=\"lazy\" decoding=\"async\" width=\"1024\" height=\"683\" src=\"https:\/\/cklan.fr\/wp-content\/uploads\/2025\/07\/5-star-rating-1024x683.webp\" alt=\"\" class=\"wp-image-70\" style=\"width:136px;height:auto\" srcset=\"https:\/\/cklan.fr\/wp-content\/uploads\/2025\/07\/5-star-rating-1024x683.webp 1024w, https:\/\/cklan.fr\/wp-content\/uploads\/2025\/07\/5-star-rating-300x200.webp 300w, https:\/\/cklan.fr\/wp-content\/uploads\/2025\/07\/5-star-rating-768x512.webp 768w, https:\/\/cklan.fr\/wp-content\/uploads\/2025\/07\/5-star-rating-1536x1024.webp 1536w, https:\/\/cklan.fr\/wp-content\/uploads\/2025\/07\/5-star-rating.webp 1920w\" sizes=\"auto, (max-width: 1024px) 100vw, 1024px\" \/><\/figure>\n<\/div>\n<\/blockquote>\n<\/div>\n\n\n\n<div class=\"wp-block-group is-vertical is-content-justification-stretch is-layout-flex wp-container-core-group-is-layout-098fff0a wp-block-group-is-layout-flex\" style=\"min-height:33vh;padding-top:var(--wp--preset--spacing--50);padding-right:var(--wp--preset--spacing--50);padding-bottom:var(--wp--preset--spacing--50);padding-left:var(--wp--preset--spacing--50)\">\n<blockquote class=\"wp-block-quote is-layout-flow wp-block-quote-is-layout-flow\">\n<p class=\"has-accent-3-color has-text-color has-link-color has-large-font-size wp-elements-ef41f1a97eaa502fb9edd4fbe22208c9\"><strong>J&rsquo;ai pass\u00e9 une nuit superbe dans cette petite maison de village, un vrai havre de paix. Merci \u00e0 Aur\u00e9lie pour ce magnifique s\u00e9jour.<\/strong><\/p>\n\n\n\n<div class=\"wp-block-group is-nowrap is-layout-flex wp-container-core-group-is-layout-6c531013 wp-block-group-is-layout-flex\">\n<p class=\"has-text-align-right has-small-font-size\">S\u00e9verine &#8211; Mars 2026<\/p>\n\n\n\n<figure class=\"wp-block-image size-large is-resized\"><img loading=\"lazy\" decoding=\"async\" width=\"1024\" height=\"683\" src=\"https:\/\/cklan.fr\/wp-content\/uploads\/2025\/07\/5-star-rating-1024x683.webp\" alt=\"\" class=\"wp-image-70\" style=\"width:136px;height:auto\" srcset=\"https:\/\/cklan.fr\/wp-content\/uploads\/2025\/07\/5-star-rating-1024x683.webp 1024w, https:\/\/cklan.fr\/wp-content\/uploads\/2025\/07\/5-star-rating-300x200.webp 300w, https:\/\/cklan.fr\/wp-content\/uploads\/2025\/07\/5-star-rating-768x512.webp 768w, https:\/\/cklan.fr\/wp-content\/uploads\/2025\/07\/5-star-rating-1536x1024.webp 1536w, https:\/\/cklan.fr\/wp-content\/uploads\/2025\/07\/5-star-rating.webp 1920w\" sizes=\"auto, (max-width: 1024px) 100vw, 1024px\" \/><\/figure>\n<\/div>\n<\/blockquote>\n<\/div>\n\n\n\n<div class=\"wp-block-group is-vertical is-content-justification-stretch is-layout-flex wp-container-core-group-is-layout-098fff0a wp-block-group-is-layout-flex\" style=\"min-height:33vh;padding-top:var(--wp--preset--spacing--50);padding-right:var(--wp--preset--spacing--50);padding-bottom:var(--wp--preset--spacing--50);padding-left:var(--wp--preset--spacing--50)\">\n<blockquote class=\"wp-block-quote is-layout-flow wp-block-quote-is-layout-flow\">\n<p class=\"has-accent-3-color has-text-color has-link-color has-large-font-size wp-elements-7b9c539ea3f2f1055a987609cc5be86b\"><strong>Une seule nuit dans ce joli nid, c&rsquo;est trop peu !<\/strong> Nous avons pass\u00e9 un tr\u00e8s agr\u00e9able s\u00e9jour et Aur\u00e9lie et aux petits soins. A refaire, assur\u00e9ment.<\/p>\n\n\n\n<div class=\"wp-block-group is-nowrap is-layout-flex wp-container-core-group-is-layout-6c531013 wp-block-group-is-layout-flex\">\n<p class=\"has-text-align-right has-small-font-size\">Rapha\u00ebl &#8211; F\u00e9vrier 2026<\/p>\n\n\n\n<figure class=\"wp-block-image size-large is-resized\"><img loading=\"lazy\" decoding=\"async\" width=\"1024\" height=\"683\" src=\"https:\/\/cklan.fr\/wp-content\/uploads\/2025\/07\/5-star-rating-1024x683.webp\" alt=\"\" class=\"wp-image-70\" style=\"width:136px;height:auto\" srcset=\"https:\/\/cklan.fr\/wp-content\/uploads\/2025\/07\/5-star-rating-1024x683.webp 1024w, https:\/\/cklan.fr\/wp-content\/uploads\/2025\/07\/5-star-rating-300x200.webp 300w, https:\/\/cklan.fr\/wp-content\/uploads\/2025\/07\/5-star-rating-768x512.webp 768w, https:\/\/cklan.fr\/wp-content\/uploads\/2025\/07\/5-star-rating-1536x1024.webp 1536w, https:\/\/cklan.fr\/wp-content\/uploads\/2025\/07\/5-star-rating.webp 1920w\" sizes=\"auto, (max-width: 1024px) 100vw, 1024px\" \/><\/figure>\n<\/div>\n<\/blockquote>\n<\/div>\n\n\n\n<div class=\"wp-block-group is-vertical is-content-justification-stretch is-layout-flex wp-container-core-group-is-layout-098fff0a wp-block-group-is-layout-flex\" style=\"min-height:33vh;padding-top:var(--wp--preset--spacing--50);padding-right:var(--wp--preset--spacing--50);padding-bottom:var(--wp--preset--spacing--50);padding-left:var(--wp--preset--spacing--50)\">\n<blockquote class=\"wp-block-quote is-layout-flow wp-block-quote-is-layout-flow\">\n<p class=\"has-accent-3-color has-text-color has-link-color has-large-font-size wp-elements-5820094aa5c91ce8d9a81bb4d5526465\"><strong>Un s\u00e9jour tr\u00e8s agr\u00e9able dans un g\u00eete cosy et confortable, tr\u00e8s bien \u00e9quip\u00e9.<br>Aur\u00e9lie a toujours \u00e9t\u00e9 joignable et r\u00e9active .<br>Nous recommandons absolument.<\/strong><\/p>\n\n\n\n<div class=\"wp-block-group is-nowrap is-layout-flex wp-container-core-group-is-layout-6c531013 wp-block-group-is-layout-flex\">\n<p class=\"has-text-align-right has-small-font-size\">Elisabeth &#8211; Juillet 2025<\/p>\n\n\n\n<figure class=\"wp-block-image size-large is-resized\"><img loading=\"lazy\" decoding=\"async\" width=\"1024\" height=\"683\" src=\"https:\/\/cklan.fr\/wp-content\/uploads\/2025\/07\/5-star-rating-1024x683.webp\" alt=\"\" class=\"wp-image-70\" style=\"width:136px;height:auto\" srcset=\"https:\/\/cklan.fr\/wp-content\/uploads\/2025\/07\/5-star-rating-1024x683.webp 1024w, https:\/\/cklan.fr\/wp-content\/uploads\/2025\/07\/5-star-rating-300x200.webp 300w, https:\/\/cklan.fr\/wp-content\/uploads\/2025\/07\/5-star-rating-768x512.webp 768w, https:\/\/cklan.fr\/wp-content\/uploads\/2025\/07\/5-star-rating-1536x1024.webp 1536w, https:\/\/cklan.fr\/wp-content\/uploads\/2025\/07\/5-star-rating.webp 1920w\" sizes=\"auto, (max-width: 1024px) 100vw, 1024px\" \/><\/figure>\n<\/div>\n<\/blockquote>\n<\/div>\n\n\n\n<div class=\"wp-block-group is-vertical is-content-justification-stretch is-layout-flex wp-container-core-group-is-layout-098fff0a wp-block-group-is-layout-flex\" style=\"min-height:33vh;padding-top:var(--wp--preset--spacing--50);padding-right:var(--wp--preset--spacing--50);padding-bottom:var(--wp--preset--spacing--50);padding-left:var(--wp--preset--spacing--50)\">\n<blockquote class=\"wp-block-quote is-layout-flow wp-block-quote-is-layout-flow\">\n<p class=\"has-accent-3-color has-text-color has-link-color has-large-font-size wp-elements-ed2bbb33ffb657332e6e851ec7f5d049\"><strong>Aur\u00e9lie est une h\u00f4te adorable , tr\u00e8s r\u00e9active. La maison est magnifique, avec un emplacement sur la place centrale du village, avec en plus deux terrasses qui donne sur un village adorable ainsi que ces habitants. Un vrai plaisir. Merci.<\/strong><\/p>\n\n\n\n<div class=\"wp-block-group is-nowrap is-layout-flex wp-container-core-group-is-layout-6c531013 wp-block-group-is-layout-flex\">\n<p class=\"has-text-align-right has-small-font-size\">Eric &#8211; Juillet 2025<\/p>\n\n\n\n<figure class=\"wp-block-image size-large is-resized\"><img loading=\"lazy\" decoding=\"async\" width=\"1024\" height=\"683\" src=\"https:\/\/cklan.fr\/wp-content\/uploads\/2025\/07\/5-star-rating-1024x683.webp\" alt=\"\" class=\"wp-image-70\" style=\"width:136px;height:auto\" srcset=\"https:\/\/cklan.fr\/wp-content\/uploads\/2025\/07\/5-star-rating-1024x683.webp 1024w, https:\/\/cklan.fr\/wp-content\/uploads\/2025\/07\/5-star-rating-300x200.webp 300w, https:\/\/cklan.fr\/wp-content\/uploads\/2025\/07\/5-star-rating-768x512.webp 768w, https:\/\/cklan.fr\/wp-content\/uploads\/2025\/07\/5-star-rating-1536x1024.webp 1536w, https:\/\/cklan.fr\/wp-content\/uploads\/2025\/07\/5-star-rating.webp 1920w\" sizes=\"auto, (max-width: 1024px) 100vw, 1024px\" \/><\/figure>\n<\/div>\n<\/blockquote>\n<\/div>\n\n\n\n<div class=\"wp-block-group is-vertical is-content-justification-stretch is-layout-flex wp-container-core-group-is-layout-098fff0a wp-block-group-is-layout-flex\" style=\"min-height:33vh;padding-top:var(--wp--preset--spacing--50);padding-right:var(--wp--preset--spacing--50);padding-bottom:var(--wp--preset--spacing--50);padding-left:var(--wp--preset--spacing--50)\">\n<blockquote class=\"wp-block-quote is-layout-flow wp-block-quote-is-layout-flow\">\n<p class=\"has-accent-3-color has-text-color has-link-color has-large-font-size wp-elements-c19d30a19d0210de66123aabd47b269c\"><strong>J\u2019ai appr\u00e9ci\u00e9 le soin port\u00e9 a l\u2019am\u00e9nagement des lieux, le fait que les 2 terrasses soient ombrag\u00e9es, la Clim. L\u2019\u00e9picerie de la place est une p\u00e9pite et le resto Le Clos \u00e0 conseiller. La disponibilit\u00e9 et la gentillesse d\u2019Aurelie sont un plus \ud83d\ude0a<\/strong><\/p>\n\n\n\n<div class=\"wp-block-group is-nowrap is-layout-flex wp-container-core-group-is-layout-6c531013 wp-block-group-is-layout-flex\">\n<p class=\"has-text-align-right has-small-font-size\">Anne &#8211; Juin 2025<\/p>\n\n\n\n<figure class=\"wp-block-image size-large is-resized\"><img loading=\"lazy\" decoding=\"async\" width=\"1024\" height=\"683\" src=\"https:\/\/cklan.fr\/wp-content\/uploads\/2025\/07\/5-star-rating-1024x683.webp\" alt=\"\" class=\"wp-image-70\" style=\"width:136px;height:auto\" srcset=\"https:\/\/cklan.fr\/wp-content\/uploads\/2025\/07\/5-star-rating-1024x683.webp 1024w, https:\/\/cklan.fr\/wp-content\/uploads\/2025\/07\/5-star-rating-300x200.webp 300w, https:\/\/cklan.fr\/wp-content\/uploads\/2025\/07\/5-star-rating-768x512.webp 768w, https:\/\/cklan.fr\/wp-content\/uploads\/2025\/07\/5-star-rating-1536x1024.webp 1536w, https:\/\/cklan.fr\/wp-content\/uploads\/2025\/07\/5-star-rating.webp 1920w\" sizes=\"auto, (max-width: 1024px) 100vw, 1024px\" \/><\/figure>\n<\/div>\n<\/blockquote>\n<\/div>\n\n\n\n<div class=\"wp-block-group is-vertical is-content-justification-stretch is-layout-flex wp-container-core-group-is-layout-098fff0a wp-block-group-is-layout-flex\" style=\"min-height:33vh;padding-top:var(--wp--preset--spacing--50);padding-right:var(--wp--preset--spacing--50);padding-bottom:var(--wp--preset--spacing--50);padding-left:var(--wp--preset--spacing--50)\">\n<blockquote class=\"wp-block-quote is-layout-flow wp-block-quote-is-layout-flow\">\n<p class=\"has-accent-3-color has-text-color has-link-color has-large-font-size wp-elements-5a1d0936d83b7b6f2e03c6c32cf4abb7\"><strong>Je recommande logement + h\u00f4te au top.<\/strong><\/p>\n\n\n\n<div class=\"wp-block-group is-nowrap is-layout-flex wp-container-core-group-is-layout-6c531013 wp-block-group-is-layout-flex\">\n<p class=\"has-text-align-right has-small-font-size\">Salah &#8211; Juillet 2025<\/p>\n\n\n\n<figure class=\"wp-block-image size-large is-resized\"><img loading=\"lazy\" decoding=\"async\" width=\"1024\" height=\"683\" src=\"https:\/\/cklan.fr\/wp-content\/uploads\/2025\/07\/5-star-rating-1024x683.webp\" alt=\"\" class=\"wp-image-70\" style=\"width:136px;height:auto\" srcset=\"https:\/\/cklan.fr\/wp-content\/uploads\/2025\/07\/5-star-rating-1024x683.webp 1024w, https:\/\/cklan.fr\/wp-content\/uploads\/2025\/07\/5-star-rating-300x200.webp 300w, https:\/\/cklan.fr\/wp-content\/uploads\/2025\/07\/5-star-rating-768x512.webp 768w, https:\/\/cklan.fr\/wp-content\/uploads\/2025\/07\/5-star-rating-1536x1024.webp 1536w, https:\/\/cklan.fr\/wp-content\/uploads\/2025\/07\/5-star-rating.webp 1920w\" sizes=\"auto, (max-width: 1024px) 100vw, 1024px\" \/><\/figure>\n<\/div>\n<\/blockquote>\n<\/div>\n\n\n\n<div class=\"wp-block-group is-vertical is-content-justification-stretch is-layout-flex wp-container-core-group-is-layout-098fff0a wp-block-group-is-layout-flex\" style=\"min-height:33vh;padding-top:var(--wp--preset--spacing--50);padding-right:var(--wp--preset--spacing--50);padding-bottom:var(--wp--preset--spacing--50);padding-left:var(--wp--preset--spacing--50)\">\n<blockquote class=\"wp-block-quote is-layout-flow wp-block-quote-is-layout-flow\">\n<p class=\"has-accent-3-color has-text-color has-link-color has-large-font-size wp-elements-3d8d7f53f146209e07f1aa73a1e0a865\"><strong>Merci Aur\u00e9lie, le logement \u00e9tait impeccable, tr\u00e8s agr\u00e9able, tr\u00e8s bonne literie et tr\u00e8s bien \u00e9quip\u00e9e, tout \u00e9tait parfait.<\/strong><\/p>\n\n\n\n<div class=\"wp-block-group is-nowrap is-layout-flex wp-container-core-group-is-layout-6c531013 wp-block-group-is-layout-flex\">\n<p class=\"has-text-align-right has-small-font-size\">St\u00e9phane &#8211; Juillet 2025<\/p>\n\n\n\n<figure class=\"wp-block-image size-large is-resized\"><img loading=\"lazy\" decoding=\"async\" width=\"1024\" height=\"683\" src=\"https:\/\/cklan.fr\/wp-content\/uploads\/2025\/07\/5-star-rating-1024x683.webp\" alt=\"\" class=\"wp-image-70\" style=\"width:136px;height:auto\" srcset=\"https:\/\/cklan.fr\/wp-content\/uploads\/2025\/07\/5-star-rating-1024x683.webp 1024w, https:\/\/cklan.fr\/wp-content\/uploads\/2025\/07\/5-star-rating-300x200.webp 300w, https:\/\/cklan.fr\/wp-content\/uploads\/2025\/07\/5-star-rating-768x512.webp 768w, https:\/\/cklan.fr\/wp-content\/uploads\/2025\/07\/5-star-rating-1536x1024.webp 1536w, https:\/\/cklan.fr\/wp-content\/uploads\/2025\/07\/5-star-rating.webp 1920w\" sizes=\"auto, (max-width: 1024px) 100vw, 1024px\" \/><\/figure>\n<\/div>\n<\/blockquote>\n<\/div>\n\n\n\n<div class=\"wp-block-group is-vertical is-content-justification-stretch is-layout-flex wp-container-core-group-is-layout-098fff0a wp-block-group-is-layout-flex\" style=\"min-height:33vh;padding-top:var(--wp--preset--spacing--50);padding-right:var(--wp--preset--spacing--50);padding-bottom:var(--wp--preset--spacing--50);padding-left:var(--wp--preset--spacing--50)\">\n<blockquote class=\"wp-block-quote is-layout-flow wp-block-quote-is-layout-flow\">\n<p class=\"has-accent-3-color has-text-color has-link-color has-large-font-size wp-elements-5d277bbc11f10439e4455a1e47061876\"><strong>J\u2019ai appr\u00e9ci\u00e9 le soin port\u00e9 a l\u2019am\u00e9nagement des lieux, le fait que les 2 terrasses soient ombrag\u00e9es, la Clim. L\u2019\u00e9picerie de la place est une p\u00e9pite et le resto Le Clos \u00e0 conseiller. La disponibilit\u00e9 et la gentillesse d\u2019Aur\u00e9lie sont un plus \ud83d\ude0a<\/strong><\/p>\n\n\n\n<div class=\"wp-block-group is-nowrap is-layout-flex wp-container-core-group-is-layout-6c531013 wp-block-group-is-layout-flex\">\n<p class=\"has-text-align-right has-small-font-size\">Anne &#8211; Juin 2025<\/p>\n\n\n\n<figure class=\"wp-block-image size-large is-resized\"><img loading=\"lazy\" decoding=\"async\" width=\"1024\" height=\"683\" src=\"https:\/\/cklan.fr\/wp-content\/uploads\/2025\/07\/5-star-rating-1024x683.webp\" alt=\"\" class=\"wp-image-70\" style=\"width:136px;height:auto\" srcset=\"https:\/\/cklan.fr\/wp-content\/uploads\/2025\/07\/5-star-rating-1024x683.webp 1024w, https:\/\/cklan.fr\/wp-content\/uploads\/2025\/07\/5-star-rating-300x200.webp 300w, https:\/\/cklan.fr\/wp-content\/uploads\/2025\/07\/5-star-rating-768x512.webp 768w, https:\/\/cklan.fr\/wp-content\/uploads\/2025\/07\/5-star-rating-1536x1024.webp 1536w, https:\/\/cklan.fr\/wp-content\/uploads\/2025\/07\/5-star-rating.webp 1920w\" sizes=\"auto, (max-width: 1024px) 100vw, 1024px\" \/><\/figure>\n<\/div>\n<\/blockquote>\n<\/div>\n<\/div>\n\n\n\n<div class=\"wp-block-column is-layout-flow wp-block-column-is-layout-flow\" style=\"flex-basis:50%\">\n<figure class=\"wp-block-image aligncenter size-large is-style-rounded\"><img loading=\"lazy\" decoding=\"async\" width=\"683\" height=\"1024\" src=\"https:\/\/cklan.fr\/wp-content\/uploads\/2025\/07\/TERRASSE_HAUTE5-683x1024.jpg\" alt=\"\" class=\"wp-image-84\" srcset=\"https:\/\/cklan.fr\/wp-content\/uploads\/2025\/07\/TERRASSE_HAUTE5-683x1024.jpg 683w, https:\/\/cklan.fr\/wp-content\/uploads\/2025\/07\/TERRASSE_HAUTE5-200x300.jpg 200w, https:\/\/cklan.fr\/wp-content\/uploads\/2025\/07\/TERRASSE_HAUTE5-768x1152.jpg 768w, https:\/\/cklan.fr\/wp-content\/uploads\/2025\/07\/TERRASSE_HAUTE5-1024x1536.jpg 1024w, https:\/\/cklan.fr\/wp-content\/uploads\/2025\/07\/TERRASSE_HAUTE5-scaled.jpg 1707w\" sizes=\"auto, (max-width: 683px) 100vw, 683px\" \/><\/figure>\n<\/div>\n<\/div>\n<\/div>\n\n\n\n<p><\/p>\n","protected":false},"excerpt":{"rendered":"<p>\u201cApr\u00e8s le d\u00e9part\u201d Ce que pensent les voyageurs Tr\u00e8s bien situ\u00e9, sur la place centrale, logement tr\u00e8s agr\u00e9able Sophie &#8211; Mars 2026 J&rsquo;ai pass\u00e9 une nuit superbe dans cette petite maison de village, un vrai havre de paix. Merci \u00e0 Aur\u00e9lie pour ce magnifique s\u00e9jour. S\u00e9verine &#8211; Mars 2026 Une seule nuit dans ce joli [&hellip;]<\/p>\n","protected":false},"author":1,"featured_media":0,"parent":0,"menu_order":0,"comment_status":"closed","ping_status":"closed","template":"","meta":{"footnotes":""},"class_list":["post-61","page","type-page","status-publish","hentry"],"jetpack_sharing_enabled":true,"_links":{"self":[{"href":"https:\/\/cklan.fr\/index.php?rest_route=\/wp\/v2\/pages\/61","targetHints":{"allow":["GET"]}}],"collection":[{"href":"https:\/\/cklan.fr\/index.php?rest_route=\/wp\/v2\/pages"}],"about":[{"href":"https:\/\/cklan.fr\/index.php?rest_route=\/wp\/v2\/types\/page"}],"author":[{"embeddable":true,"href":"https:\/\/cklan.fr\/index.php?rest_route=\/wp\/v2\/users\/1"}],"replies":[{"embeddable":true,"href":"https:\/\/cklan.fr\/index.php?rest_route=%2Fwp%2Fv2%2Fcomments&post=61"}],"version-history":[{"count":16,"href":"https:\/\/cklan.fr\/index.php?rest_route=\/wp\/v2\/pages\/61\/revisions"}],"predecessor-version":[{"id":256,"href":"https:\/\/cklan.fr\/index.php?rest_route=\/wp\/v2\/pages\/61\/revisions\/256"}],"wp:attachment":[{"href":"https:\/\/cklan.fr\/index.php?rest_route=%2Fwp%2Fv2%2Fmedia&parent=61"}],"curies":[{"name":"wp","href":"https:\/\/api.w.org\/{rel}","templated":true}]}}