{"id":48,"date":"2025-07-11T15:07:50","date_gmt":"2025-07-11T13:07:50","guid":{"rendered":"https:\/\/cklan.fr\/?page_id=48"},"modified":"2026-01-19T22:17:34","modified_gmt":"2026-01-19T20:17:34","slug":"nos-photos","status":"publish","type":"page","link":"https:\/\/cklan.fr\/?page_id=48","title":{"rendered":"Nos photos"},"content":{"rendered":"\n<div class=\"wp-block-group alignfull has-global-padding is-layout-constrained wp-block-group-is-layout-constrained\" style=\"margin-top:0;margin-bottom:0;padding-top:var(--wp--preset--spacing--50);padding-bottom:var(--wp--preset--spacing--50)\">\n<div class=\"wp-block-columns alignwide is-layout-flex wp-container-core-columns-is-layout-47c06fe3 wp-block-columns-is-layout-flex\">\n<div class=\"wp-block-column is-layout-flow wp-block-column-is-layout-flow\" style=\"flex-basis:56%\">\n<figure class=\"wp-block-image size-full\"><img loading=\"lazy\" decoding=\"async\" width=\"2560\" height=\"1807\" src=\"https:\/\/cklan.fr\/wp-content\/uploads\/2025\/07\/EXT6-scaled.jpg\" alt=\"\" class=\"wp-image-24\" style=\"aspect-ratio:1;object-fit:cover\" srcset=\"https:\/\/cklan.fr\/wp-content\/uploads\/2025\/07\/EXT6-scaled.jpg 2560w, https:\/\/cklan.fr\/wp-content\/uploads\/2025\/07\/EXT6-300x212.jpg 300w, https:\/\/cklan.fr\/wp-content\/uploads\/2025\/07\/EXT6-1024x723.jpg 1024w, https:\/\/cklan.fr\/wp-content\/uploads\/2025\/07\/EXT6-768x542.jpg 768w, https:\/\/cklan.fr\/wp-content\/uploads\/2025\/07\/EXT6-1536x1084.jpg 1536w, https:\/\/cklan.fr\/wp-content\/uploads\/2025\/07\/EXT6-2048x1445.jpg 2048w\" sizes=\"auto, (max-width: 2560px) 100vw, 2560px\" \/><\/figure>\n<\/div>\n\n\n\n<div class=\"wp-block-column is-vertically-aligned-center is-layout-flow wp-container-core-column-is-layout-119bc444 wp-block-column-is-layout-flow\">\n<h2 class=\"wp-block-heading\">La place du village<\/h2>\n\n\n\n<p>La Garde Adh\u00e9mar fait partie du r\u00e9seau des plus beaux villages de France et garde encore une partie de ses structures m\u00e9di\u00e9vales<\/p>\n\n\n\n<div class=\"wp-block-buttons is-content-justification-center is-layout-flex wp-container-core-buttons-is-layout-a89b3969 wp-block-buttons-is-layout-flex\">\n<div class=\"wp-block-button\"><a class=\"wp-block-button__link wp-element-button\" href=\"https:\/\/maps.app.goo.gl\/wL3A78ZvGJRbnYfs5\" target=\"_blank\" rel=\"find noreferrer noopener\">Nous trouver<\/a><\/div>\n<\/div>\n<\/div>\n<\/div>\n<\/div>\n\n\n\n<div class=\"wp-block-group alignfull has-global-padding is-layout-constrained wp-block-group-is-layout-constrained\" style=\"margin-top:0;margin-bottom:0;padding-top:var(--wp--preset--spacing--50);padding-bottom:var(--wp--preset--spacing--50)\">\n<div class=\"wp-block-group alignwide is-layout-grid wp-container-core-group-is-layout-840b37f5 wp-block-group-is-layout-grid\">\n<div class=\"wp-block-group is-vertical is-content-justification-stretch is-layout-flex wp-container-core-group-is-layout-353c4f5a wp-block-group-is-layout-flex\">\n<div class=\"wp-block-cover\"><img loading=\"lazy\" decoding=\"async\" width=\"1024\" height=\"683\" class=\"wp-block-cover__image-background wp-image-32 size-large\" alt=\"\" src=\"https:\/\/cklan.fr\/wp-content\/uploads\/2025\/07\/TERRASSE_HAUTE3-1-1024x683.jpg\" data-object-fit=\"cover\" srcset=\"https:\/\/cklan.fr\/wp-content\/uploads\/2025\/07\/TERRASSE_HAUTE3-1-1024x683.jpg 1024w, https:\/\/cklan.fr\/wp-content\/uploads\/2025\/07\/TERRASSE_HAUTE3-1-300x200.jpg 300w, https:\/\/cklan.fr\/wp-content\/uploads\/2025\/07\/TERRASSE_HAUTE3-1-768x512.jpg 768w, https:\/\/cklan.fr\/wp-content\/uploads\/2025\/07\/TERRASSE_HAUTE3-1-1536x1024.jpg 1536w, https:\/\/cklan.fr\/wp-content\/uploads\/2025\/07\/TERRASSE_HAUTE3-1.jpg 1752w\" sizes=\"auto, (max-width: 1024px) 100vw, 1024px\" \/><span aria-hidden=\"true\" class=\"wp-block-cover__background has-background-dim-0 has-background-dim\" style=\"background-color:#833d3a\"><\/span><div class=\"wp-block-cover__inner-container has-global-padding is-layout-constrained wp-block-cover-is-layout-constrained\">\n<div style=\"height:var(--wp--preset--spacing--20)\" aria-hidden=\"true\" class=\"wp-block-spacer\"><\/div>\n<\/div><\/div>\n\n\n\n<p class=\"has-text-align-center\">Terrasse du haut<\/p>\n<\/div>\n\n\n\n<div class=\"wp-block-group is-vertical is-content-justification-stretch is-layout-flex wp-container-core-group-is-layout-353c4f5a wp-block-group-is-layout-flex\">\n<div class=\"wp-block-cover\"><img loading=\"lazy\" decoding=\"async\" width=\"1024\" height=\"683\" class=\"wp-block-cover__image-background wp-image-23 size-large\" alt=\"\" src=\"https:\/\/cklan.fr\/wp-content\/uploads\/2025\/07\/TERRASSE_HAUTE2-1024x683.jpg\" data-object-fit=\"cover\" srcset=\"https:\/\/cklan.fr\/wp-content\/uploads\/2025\/07\/TERRASSE_HAUTE2-1024x683.jpg 1024w, https:\/\/cklan.fr\/wp-content\/uploads\/2025\/07\/TERRASSE_HAUTE2-300x200.jpg 300w, https:\/\/cklan.fr\/wp-content\/uploads\/2025\/07\/TERRASSE_HAUTE2-768x512.jpg 768w, https:\/\/cklan.fr\/wp-content\/uploads\/2025\/07\/TERRASSE_HAUTE2-1536x1024.jpg 1536w\" sizes=\"auto, (max-width: 1024px) 100vw, 1024px\" \/><span aria-hidden=\"true\" class=\"wp-block-cover__background has-background-dim-0 has-background-dim\" style=\"background-color:#833d3a\"><\/span><div class=\"wp-block-cover__inner-container has-global-padding is-layout-constrained wp-block-cover-is-layout-constrained\">\n<div style=\"height:var(--wp--preset--spacing--20)\" aria-hidden=\"true\" class=\"wp-block-spacer\"><\/div>\n<\/div><\/div>\n\n\n\n<p class=\"has-text-align-center\">Terrasse du haut<\/p>\n<\/div>\n\n\n\n<div class=\"wp-block-group is-vertical is-content-justification-stretch is-layout-flex wp-container-core-group-is-layout-353c4f5a wp-block-group-is-layout-flex\">\n<div class=\"wp-block-cover is-light\"><img loading=\"lazy\" decoding=\"async\" width=\"1024\" height=\"847\" class=\"wp-block-cover__image-background wp-image-22 size-large\" alt=\"\" src=\"https:\/\/cklan.fr\/wp-content\/uploads\/2025\/07\/TERRASSE_BAS2-1024x847.jpg\" data-object-fit=\"cover\" srcset=\"https:\/\/cklan.fr\/wp-content\/uploads\/2025\/07\/TERRASSE_BAS2-1024x847.jpg 1024w, https:\/\/cklan.fr\/wp-content\/uploads\/2025\/07\/TERRASSE_BAS2-300x248.jpg 300w, https:\/\/cklan.fr\/wp-content\/uploads\/2025\/07\/TERRASSE_BAS2-768x635.jpg 768w, https:\/\/cklan.fr\/wp-content\/uploads\/2025\/07\/TERRASSE_BAS2-1536x1271.jpg 1536w, https:\/\/cklan.fr\/wp-content\/uploads\/2025\/07\/TERRASSE_BAS2-2048x1694.jpg 2048w\" sizes=\"auto, (max-width: 1024px) 100vw, 1024px\" \/><span aria-hidden=\"true\" class=\"wp-block-cover__background has-background-dim-0 has-background-dim\" style=\"background-color:#828282\"><\/span><div class=\"wp-block-cover__inner-container has-global-padding is-layout-constrained wp-block-cover-is-layout-constrained\">\n<div style=\"height:var(--wp--preset--spacing--20)\" aria-hidden=\"true\" class=\"wp-block-spacer\"><\/div>\n<\/div><\/div>\n\n\n\n<p class=\"has-text-align-center\">Terrasse du bas<\/p>\n<\/div>\n\n\n\n<div class=\"wp-block-group is-vertical is-content-justification-stretch is-layout-flex wp-container-core-group-is-layout-353c4f5a wp-block-group-is-layout-flex\">\n<div class=\"wp-block-cover is-light\"><img loading=\"lazy\" decoding=\"async\" width=\"1024\" height=\"683\" class=\"wp-block-cover__image-background wp-image-19 size-large\" alt=\"\" src=\"https:\/\/cklan.fr\/wp-content\/uploads\/2025\/07\/BAS4-1024x683.jpg\" data-object-fit=\"cover\" srcset=\"https:\/\/cklan.fr\/wp-content\/uploads\/2025\/07\/BAS4-1024x683.jpg 1024w, https:\/\/cklan.fr\/wp-content\/uploads\/2025\/07\/BAS4-300x200.jpg 300w, https:\/\/cklan.fr\/wp-content\/uploads\/2025\/07\/BAS4-768x512.jpg 768w, https:\/\/cklan.fr\/wp-content\/uploads\/2025\/07\/BAS4-1536x1024.jpg 1536w, https:\/\/cklan.fr\/wp-content\/uploads\/2025\/07\/BAS4-2048x1365.jpg 2048w\" sizes=\"auto, (max-width: 1024px) 100vw, 1024px\" \/><span aria-hidden=\"true\" class=\"wp-block-cover__background has-background-dim-0 has-background-dim\" style=\"background-color:#d6bc98\"><\/span><div class=\"wp-block-cover__inner-container has-global-padding is-layout-constrained wp-block-cover-is-layout-constrained\">\n<div style=\"height:var(--wp--preset--spacing--20)\" aria-hidden=\"true\" class=\"wp-block-spacer\"><\/div>\n<\/div><\/div>\n\n\n\n<p class=\"has-text-align-center\">Salle \u00e0 manger<\/p>\n<\/div>\n\n\n\n<div class=\"wp-block-group is-vertical is-content-justification-stretch is-layout-flex wp-container-core-group-is-layout-353c4f5a wp-block-group-is-layout-flex\">\n<div class=\"wp-block-cover is-light\"><img loading=\"lazy\" decoding=\"async\" width=\"1024\" height=\"683\" class=\"wp-block-cover__image-background wp-image-16 size-large\" alt=\"\" src=\"https:\/\/cklan.fr\/wp-content\/uploads\/2025\/07\/BAS2-1024x683.jpg\" data-object-fit=\"cover\" srcset=\"https:\/\/cklan.fr\/wp-content\/uploads\/2025\/07\/BAS2-1024x683.jpg 1024w, https:\/\/cklan.fr\/wp-content\/uploads\/2025\/07\/BAS2-300x200.jpg 300w, https:\/\/cklan.fr\/wp-content\/uploads\/2025\/07\/BAS2-768x512.jpg 768w, https:\/\/cklan.fr\/wp-content\/uploads\/2025\/07\/BAS2-1536x1024.jpg 1536w, https:\/\/cklan.fr\/wp-content\/uploads\/2025\/07\/BAS2-2048x1365.jpg 2048w\" sizes=\"auto, (max-width: 1024px) 100vw, 1024px\" \/><span aria-hidden=\"true\" class=\"wp-block-cover__background has-background-dim-0 has-background-dim\" style=\"background-color:#d6bc98\"><\/span><div class=\"wp-block-cover__inner-container has-global-padding is-layout-constrained wp-block-cover-is-layout-constrained\">\n<div style=\"height:var(--wp--preset--spacing--20)\" aria-hidden=\"true\" class=\"wp-block-spacer\"><\/div>\n<\/div><\/div>\n\n\n\n<p class=\"has-text-align-center\">Salon<\/p>\n<\/div>\n\n\n\n<div class=\"wp-block-group is-vertical is-content-justification-stretch is-layout-flex wp-container-core-group-is-layout-353c4f5a wp-block-group-is-layout-flex\">\n<div class=\"wp-block-cover is-light\"><img loading=\"lazy\" decoding=\"async\" width=\"762\" height=\"1024\" class=\"wp-block-cover__image-background wp-image-20 size-large\" alt=\"\" src=\"https:\/\/cklan.fr\/wp-content\/uploads\/2025\/07\/CHAMBRE2-762x1024.jpg\" data-object-fit=\"cover\" srcset=\"https:\/\/cklan.fr\/wp-content\/uploads\/2025\/07\/CHAMBRE2-762x1024.jpg 762w, https:\/\/cklan.fr\/wp-content\/uploads\/2025\/07\/CHAMBRE2-223x300.jpg 223w, https:\/\/cklan.fr\/wp-content\/uploads\/2025\/07\/CHAMBRE2-768x1033.jpg 768w, https:\/\/cklan.fr\/wp-content\/uploads\/2025\/07\/CHAMBRE2-1142x1536.jpg 1142w, https:\/\/cklan.fr\/wp-content\/uploads\/2025\/07\/CHAMBRE2-1523x2048.jpg 1523w, https:\/\/cklan.fr\/wp-content\/uploads\/2025\/07\/CHAMBRE2-scaled.jpg 1904w\" sizes=\"auto, (max-width: 762px) 100vw, 762px\" \/><span aria-hidden=\"true\" class=\"wp-block-cover__background has-background-dim-0 has-background-dim\" style=\"background-color:#d6bc98\"><\/span><div class=\"wp-block-cover__inner-container has-global-padding is-layout-constrained wp-block-cover-is-layout-constrained\">\n<div style=\"height:var(--wp--preset--spacing--20)\" aria-hidden=\"true\" class=\"wp-block-spacer\"><\/div>\n<\/div><\/div>\n\n\n\n<p class=\"has-text-align-center\">Chambre<\/p>\n<\/div>\n\n\n\n<div class=\"wp-block-group is-vertical is-content-justification-stretch is-layout-flex wp-container-core-group-is-layout-353c4f5a wp-block-group-is-layout-flex\">\n<div class=\"wp-block-cover is-light\"><img loading=\"lazy\" decoding=\"async\" width=\"697\" height=\"1024\" class=\"wp-block-cover__image-background wp-image-80 size-large\" alt=\"\" src=\"https:\/\/cklan.fr\/wp-content\/uploads\/2025\/07\/TERRASSE_HAUTE6-697x1024.jpg\" data-object-fit=\"cover\" srcset=\"https:\/\/cklan.fr\/wp-content\/uploads\/2025\/07\/TERRASSE_HAUTE6-697x1024.jpg 697w, https:\/\/cklan.fr\/wp-content\/uploads\/2025\/07\/TERRASSE_HAUTE6-204x300.jpg 204w, https:\/\/cklan.fr\/wp-content\/uploads\/2025\/07\/TERRASSE_HAUTE6-768x1128.jpg 768w, https:\/\/cklan.fr\/wp-content\/uploads\/2025\/07\/TERRASSE_HAUTE6-1046x1536.jpg 1046w, https:\/\/cklan.fr\/wp-content\/uploads\/2025\/07\/TERRASSE_HAUTE6-1395x2048.jpg 1395w, https:\/\/cklan.fr\/wp-content\/uploads\/2025\/07\/TERRASSE_HAUTE6-scaled.jpg 1744w\" sizes=\"auto, (max-width: 697px) 100vw, 697px\" \/><span aria-hidden=\"true\" class=\"wp-block-cover__background has-background-dim-0 has-background-dim\" style=\"background-color:#d6bc98\"><\/span><div class=\"wp-block-cover__inner-container has-global-padding is-layout-constrained wp-block-cover-is-layout-constrained\">\n<div style=\"height:var(--wp--preset--spacing--20)\" aria-hidden=\"true\" class=\"wp-block-spacer\"><\/div>\n<\/div><\/div>\n\n\n\n<p class=\"has-text-align-center\">Terrasse du haut<\/p>\n<\/div>\n\n\n\n<div class=\"wp-block-group is-vertical is-content-justification-stretch is-layout-flex wp-container-core-group-is-layout-353c4f5a wp-block-group-is-layout-flex\">\n<div class=\"wp-block-cover is-light\"><img loading=\"lazy\" decoding=\"async\" width=\"749\" height=\"1024\" class=\"wp-block-cover__image-background wp-image-82 size-large\" alt=\"\" src=\"https:\/\/cklan.fr\/wp-content\/uploads\/2025\/07\/BAS6-749x1024.jpg\" data-object-fit=\"cover\" srcset=\"https:\/\/cklan.fr\/wp-content\/uploads\/2025\/07\/BAS6-749x1024.jpg 749w, https:\/\/cklan.fr\/wp-content\/uploads\/2025\/07\/BAS6-219x300.jpg 219w, https:\/\/cklan.fr\/wp-content\/uploads\/2025\/07\/BAS6-768x1050.jpg 768w, https:\/\/cklan.fr\/wp-content\/uploads\/2025\/07\/BAS6-1124x1536.jpg 1124w, https:\/\/cklan.fr\/wp-content\/uploads\/2025\/07\/BAS6-1498x2048.jpg 1498w, https:\/\/cklan.fr\/wp-content\/uploads\/2025\/07\/BAS6-scaled.jpg 1873w\" sizes=\"auto, (max-width: 749px) 100vw, 749px\" \/><span aria-hidden=\"true\" class=\"wp-block-cover__background has-background-dim-0 has-background-dim\" style=\"background-color:#d6bc98\"><\/span><div class=\"wp-block-cover__inner-container has-global-padding is-layout-constrained wp-block-cover-is-layout-constrained\">\n<div style=\"height:var(--wp--preset--spacing--20)\" aria-hidden=\"true\" class=\"wp-block-spacer\"><\/div>\n<\/div><\/div>\n\n\n\n<p class=\"has-text-align-center\">Cuisine<\/p>\n<\/div>\n<\/div>\n<\/div>\n","protected":false},"excerpt":{"rendered":"<p>La place du village La Garde Adh\u00e9mar fait partie du r\u00e9seau des plus beaux villages de France et garde encore une partie de ses structures m\u00e9di\u00e9vales Terrasse du haut Terrasse du haut Terrasse du bas Salle \u00e0 manger Salon Chambre Terrasse du haut Cuisine<\/p>\n","protected":false},"author":1,"featured_media":0,"parent":0,"menu_order":0,"comment_status":"closed","ping_status":"closed","template":"","meta":{"footnotes":""},"class_list":["post-48","page","type-page","status-publish","hentry"],"jetpack_sharing_enabled":true,"_links":{"self":[{"href":"https:\/\/cklan.fr\/index.php?rest_route=\/wp\/v2\/pages\/48","targetHints":{"allow":["GET"]}}],"collection":[{"href":"https:\/\/cklan.fr\/index.php?rest_route=\/wp\/v2\/pages"}],"about":[{"href":"https:\/\/cklan.fr\/index.php?rest_route=\/wp\/v2\/types\/page"}],"author":[{"embeddable":true,"href":"https:\/\/cklan.fr\/index.php?rest_route=\/wp\/v2\/users\/1"}],"replies":[{"embeddable":true,"href":"https:\/\/cklan.fr\/index.php?rest_route=%2Fwp%2Fv2%2Fcomments&post=48"}],"version-history":[{"count":7,"href":"https:\/\/cklan.fr\/index.php?rest_route=\/wp\/v2\/pages\/48\/revisions"}],"predecessor-version":[{"id":96,"href":"https:\/\/cklan.fr\/index.php?rest_route=\/wp\/v2\/pages\/48\/revisions\/96"}],"wp:attachment":[{"href":"https:\/\/cklan.fr\/index.php?rest_route=%2Fwp%2Fv2%2Fmedia&parent=48"}],"curies":[{"name":"wp","href":"https:\/\/api.w.org\/{rel}","templated":true}]}}